 common divisor of 8 and d.
8
Suppose -l = 55 - 20. Let u = l - -39. Suppose 0 = 4*i - u*h - 316, 5*i - 326 = i - h. Calculate the greatest common divisor of 9 and i.
9
Let u = 202 - 132. Let q be (4/10 - 0) + 236/10. Suppose 4*s - q = 32. Calculate the highest common factor of u and s.
14
Let n = -872 + 1616. Let m = n + -734. Calculate the highest common factor of m and 130.
10
Let m = -185 - -179. Let u be ((-6)/m - 1) + 8. Suppose 2*k + 1 = 9. Calculate the highest common factor of u and k.
4
Let b(z) = 25*z + 3. Let s = -24 + 26. Let d be b(s). Let k = d + -39. What is the highest common factor of k and 154?
14
Suppose -3*k + 19 = -k - 5*j, 0 = 5*k - 3*j - 19. Suppose 4*w + 57 = -k*u + 271, w = -4*u + 50. What is the greatest common divisor of w and 189?
27
Suppose 249 + 81 = 33*s. Suppose -3*j + 4 + 11 = 0. What is the greatest common factor of j and s?
5
Let p(h) = -223*h + 96. Let m be p(0). Calculate the greatest common divisor of 4384 and m.
32
Suppose -24980 = -5*q + 19025. Suppose -q - 2837 = -23*l. Calculate the highest common divisor of l and 22.
22
Let l = 5907 + -5610. What is the greatest common factor of 11 and l?
11
Let g(w) = 11*w**2 + 359*w + 9. Let u be g(-33). Calculate the greatest common factor of u and 9400.
47
Suppose -9*p + 42*p = 10527. What is the greatest common factor of 363 and p?
11
Let b = 115 - 110. Suppose 0 = 3*h + b*t - 95, -2*h - 18*t = -13*t - 60. What is the greatest common factor of h and 21?
7
Let n(m) = -9*m - 19. Let j be n(-2). Let w be (-145)/(-35) + -2 - j/(-7). Let h be (5*(w + -1))/((-5)/(-55)). What is the highest common factor of 5 and h?
5
Let g be 1 - 11/((-66)/84). Let p be (7 + (-3 - 1))/(g/140). Calculate the highest common divisor of 448 and p.
28
Suppose 3*t - y - 214 - 19 = 0, t + y = 71. Let s = 5041 + -4927. What is the greatest common divisor of t and s?
38
Suppose 1660*q - 1692*q + 576 = 0. What is the highest common factor of 1269 and q?
9
Let p = -9165 - -10278. What is the greatest common factor of 901 and p?
53
Let c be ((-130)/4)/(9/2 + -5). Let f = 68 - c. Suppose -f*r = -5*r + 8. What is the highest common divisor of 28 and r?
4
Suppose -1001 = -27*s + 1186. Suppose 3*z - 108 = -s. What is the greatest common divisor of z and 261?
9
Let v be (-4 + 8 + -4)*-1. Let r be (92/2 - v) + 6. Calculate the highest common divisor of r and 13.
13
Let k(b) = -b**3 - 33*b**2 + 94*b - 307. Let i be k(-36). What is the greatest common divisor of 30929 and i?
197
Let j(q) = -26 + 18 + 27*q + 8 + 10*q**2 - 10*q. Let o be j(-2). Let m(k) = k - 1. Let w be m(4). Calculate the greatest common divisor of o and w.
3
Suppose -5*d - 117 = 678*z - 679*z, 4*d - 332 = -3*z. What is the greatest common factor of 280 and z?
56
Suppose -17 = -i - s, -5*s + 76 - 23 = 3*i. Let r(l) = -228*l - 28. Let t be r(-3). Calculate the highest common divisor of i and t.
16
Let a = -45 + 117. Suppose -2*y + h = -a, 3*h + 49 = 2*y - 23. Suppose -2*k = -6*k + 216. What is the greatest common divisor of y and k?
18
Let u be (-52)/65*(-5)/(-1). Let b be u/(-5) + 5 + (-217)/(-35). Calculate the greatest common factor of 18 and b.
6
Suppose 31*q = 30*q + 15. Let o = 1455 - 1420. What is the highest common factor of q and o?
5
Suppose 18615 + 50313 = 3*h - 3*c, -4*h - 2*c = -91904. Calculate the highest common factor of h and 64.
64
Suppose -21*f = 39*f - 9000. Let w = 49 + 1. What is the greatest common divisor of f and w?
50
Suppose 2*l - 63 = -75. Let c(z) = z**3 + 5*z**2 + 56. Let m be c(l). Calculate the highest common divisor of 44 and m.
4
Let u be 8/(-40)*0/(-3 + 5). Suppose u = -13*b + 30*b - 289. What is the highest common divisor of b and 527?
17
Suppose -5*i + 4*p + 706 + 7385 = 0, -3*p - 12 = 0. What is the greatest common factor of 340 and i?
85
Suppose 5*b - 4*f - 1670 + 104 = 0, -2*f = -2. Calculate the highest common factor of b and 13973.
157
Let m = -23 + 24. Let p be -5 + 2 - (m - (0 + -158)). Let b = p - -342. Calculate the highest common factor of b and 20.
20
Let h be 2/((2/142)/((-44)/(-88))). What is the highest common factor of 1 and h?
1
Let k = 58 - 76. Let n be (4/k)/((-2)/(-6))*-12. Let x be n*-1*(-25)/10. Calculate the highest common divisor of x and 4.
4
Let l(w) = -16*w - 65. Let p be l(0). Let s = p + 125. What is the greatest common divisor of 12 and s?
12
Suppose 121*n + 1116 = 157*n. What is the greatest common divisor of 4309 and n?
31
Let b be 6/21 + (-1256)/(-14). Let c(q) = -5*q**2 + 10*q + 17. Let d be c(-6). Let j = d - -358. What is the greatest common factor of b and j?
45
Let o(m) = 7*m**2 + m - 85. Let q be o(8). What is the greatest common divisor of q and 265?
53
Suppose 157*x + 931 = 1245. Suppose -2*r + g - 1 = 2*r, 4*r = 5*g + 11. Let o be 10/(-3)*(r + -2). Calculate the highest common factor of x and o.
2
Suppose -924 = -2*p - 0*p + 4*h, 0 = 3*p + 3*h - 1386. Let v(z) = z + 192. Let l be v(6). What is the highest common divisor of l and p?
66
Suppose -88*g + 110*g = 1078. Calculate the greatest common divisor of 2548 and g.
49
Let l(y) = -y**2 - 20*y + 122. Let p be l(-25). Let i be (12/(-16))/(126/(-40) - p). What is the greatest common factor of i and 80?
5
Suppose 1069 = 13*b - 296. Let n be 312/20 + (-4)/(-10). Let q = 31 - n. What is the greatest common divisor of b and q?
15
Let x be -1*(2/(-1) + -21). Let k(c) = -26*c**2 + 27*c**2 - 8*c + 2*c + 19. Let t be k(9). What is the highest common factor of t and x?
23
Let d(p) be the first derivative of p**2 + 6*p - 633. Let l be (2 + -1)/((-5)/(-30)). Let n be d(l). What is the greatest common divisor of n and 2?
2
Let k = 966 + -662. Suppose -q + 2*u = q - k, u = -2*q + 313. Let y = -36 + 98. Calculate the highest common factor of y and q.
31
Let a be 1170/99 + 48/22 + -2. Suppose 5*f = f - a. Let q be 6/f + (22 - -4). What is the greatest common factor of q and 3?
3
Let a = -240 - -220. Let t be (-1312)/a + (-7)/(105/9). Calculate the highest common factor of t and 52.
13
Suppose 0 = 5*u - 361 + 46. Suppose 3*s - 66 = n, 0 = -3*s - n + u - 3. Let g = s - -15. What is the highest common factor of 12 and g?
12
Suppose 2*x + 2498 = 3*a, 4*x + 0*x = -5*a + 4134. What is the highest common factor of a and 10126?
166
Let t = 15034 - 11112. Calculate the highest common divisor of 106 and t.
106
Let a = -418 + 606. Let k(i) = 2*i**3 + 320*i**2 + 2139*i - 17. Let v be k(-7). Calculate the greatest common divisor of v and a.
4
Suppose 224*i - 254*i = 377*i - 142857. Calculate the greatest common factor of i and 1701.
27
Let w be (51/6)/(7/14). Let r(o) = -o**3 + 18*o**2 - 9*o - 71. Let m be r(w). What is the greatest common factor of m and 325?
65
Let q(y) = 5*y**2 - 7*y - 66. Let w be q(12). Calculate the highest common divisor of 70 and w.
10
Let i = -802 + 973. What is the greatest common factor of i and 225?
9
Let g = 12220 - 11965. Calculate the greatest common factor of g and 48.
3
Suppose -90*p + 1274 + 618 = -68*p. What is the highest common divisor of 2150 and p?
86
Suppose -5936 = -142*z + 9968. What is the greatest common factor of 5 and z?
1
Suppose 203 = -24*f + 71*f - 408. Suppose -1235 = -3*c - 2*c. What is the highest common divisor of c and f?
13
Suppose 6*q + 72 = 1722. Suppose -5*s + 11*p = 10*p - q, -5*p - 199 = -4*s. What is the highest common divisor of s and 140?
28
Let t(x) = 10*x**2 - 6*x - 51. Let h be t(-5). Let o = 31 + h. What is the greatest common factor of o and 40?
20
Let p(r) = 7 - 3 - r + 6 - 1. Suppose a = -3*a + c - 60, 3*c - 12 = 0. Let m be p(a). Calculate the highest common factor of m and 115.
23
Suppose -7*x = -12*x + 3145. Let f = -598 + x. Suppose 0 = 3*b - 394 - 71. Calculate the highest common divisor of f and b.
31
Let p(l) = 2*l**3 - 309 + 307 + 9*l + l - 4*l**2. Let y be p(4). Let w be -16*7/(-14)*y/4. What is the highest common divisor of w and 51?
51
Suppose 31*g = -24*g - 18*g + 101616. What is the greatest common divisor of g and 240?
48
Let t(k) = -28*k + 112. Let p be t(13). Let i = 259 + p. What is the greatest common divisor of i and 28?
7
Let l = 214 + -132. Suppose -3*o + 26 = -l. Suppose 477 = 46*r - 75. Calculate the greatest common divisor of r and o.
12
Suppose -3*z = x + 156 - 694, 0 = -5*z + 3*x + 906. What is the greatest common divisor of 375 and z?
15
Let